hat is c(21)?
58
Let q(y) = 7*y + 4. Let c(d) = -4*d - 2. Let a(n) = -5*c(n) - 3*q(n). Let r(s) = -16*s**2 + 22*s**2 + 1 - 2 + 6*s + s**3. Let u be r(-5). Give a(u).
4
Suppose -6*p + 384 = -114. Let h = -34 + p. Let x(d) = -8*d**2 - 3*d + 1 + 48*d**3 - h*d**3 - 4*d. Calculate x(-7).
1
Suppose 0*h - 5*h = 3*j - 19, 2*h - 10 = -2*j. Let o be (1 + h)/(-6)*32/(-4). Let d(m) = -m**2 - 2*m + 5*m - m**3 - 3 + o + 2. Calculate d(-3).
12
Let s(n) be the second derivative of 3*n**3/2 + 537*n**2/2 - 5962*n. Determine s(-57).
24
Let l(u) = -98*u - 4*u**2 + 7*u**2 + 103*u - 2*u**2. Give l(-6).
6
Let p(c) = -39*c**3 + 142*c**2 + 226*c - 138. Let d(t) = 17*t**3 - 61*t**2 - 97*t + 59. Let m(w) = -23*d(w) - 10*p(w). What is m(-15)?
8
Let b be -8 + 0 + -1 + 3. Let r(q) be the first derivative of q**3/6 + 239*q - 370. Let o(d) be the first derivative of r(d). What is o(b)?
-6
Let s(u) be the second derivative of -u**5/20 - 5*u**4/6 + 23*u**3/6 + 8*u**2 - 160*u. What is s(-12)?
28
Let a be ((-3)/2)/((-9)/186) - 1. Let y(p) = 5*p**3 - 4*p**3 - p - a + 9. Suppose -4*x = -3*t + 16, 2*t + 1 - 13 = 3*x. What is y(t)?
-21
Let f(g) be the third derivative of g**4/8 - 8*g**3/3 + 4*g**2 + 4. Give f(10).
14
Let q(c) = -c**3 - 10*c**2 + 10*c - 5. Let v(s) = -111*s + 3 + 109*s + 32 - 16*s**2 - 15*s**2 + 8*s**2 + s**3. Let p be v(23). Determine q(p).
6
Let i(g) be the third derivative of 0 + 4/3*g**3 + 1/4*g**4 + 0*g + 25*g**2 - 1/60*g**5. Suppose 2*v - 10 = 4. What is i(v)?
1
Let b be 5/(60/(-16))*(-36)/(-24). Let f(h) = 132*h + 77. Let i(z) = -7*z - 4. Let l(u) = -4*f(u) - 77*i(u). Give l(b).
-22
Suppose -3*v = 5*n - 32, -20 = -n + 10*v - 14*v. Suppose 0 = n*a + 2*z + 46, 60 = -4*a - 4*z + 20. Let c(l) = -l**3 - 14*l**2 - 12*l + 9. Calculate c(a).
-4
Let i be 0/2*(-3 + (-351)/(-18) + -16). Let p(m) = -7 - m - 1 - m. Calculate p(i).
-8
Let v = 37 - 35. Suppose -5*l + 13 - 68 = -3*a, -v*l = 3*a - 20. Suppose -a + 1 = 3*i. Let h(x) = -x - 4. What is h(i)?
-1
Let z(o) = -2*o**3 + 20*o**2 + 2*o - 15. Let k be z(10). Let a(q) = k - q**2 - 2*q - 7*q + 9 + 8*q - 3. Calculate a(-5).
-9
Let f(d) = -d - 1. Let z(u) = u**2 + 8*u + 5. Let b(j) = 3*f(j) + z(j). Suppose 2*y = -5*c - 9, 4*c - y + 21 - 6 = 0. Give b(c).
-4
Let l(u) = -46931 + 46928 + 9*u + 5*u**2 + u**2 + u**3. Determine l(-4).
-7
Suppose -5*a - 2*w + 17 = -w, 33 = 6*a + 3*w. Let y(h) be the third derivative of 0*h + 0*h**4 + 1/60*h**5 - 26*h**a + 1/120*h**6 + 0*h**3 + 0. Calculate y(0).
0
Let x(b) = 2*b + 2. Let l = 20 + -38. Let m = l + 29. Let q = -13 + m. Calculate x(q).
-2
Let g(p) be the second derivative of 2 + 76*p + 2/3*p**3 + 1/12*p**4 - 11/2*p**2. Give g(-6).
1
Suppose 2*j - 78 = t, -2*t + 4*t + 5*j = -120. Let i = 73 + t. Let y(z) = 1 + 4*z - 4 - i*z - 2. Determine y(7).
2
Let b(h) be the first derivative of h**6/360 + h**5/40 + h**4/24 - 41*h**3/3 + 50. Let g(j) be the third derivative of b(j). Calculate g(-3).
1
Let f(l) = 19*l**2 + 2 - 14*l**2 + 14*l**2 - l**3 - 16*l**2 + 4*l. Calculate f(-2).
14
Let g(i) be the second derivative of i**5/60 + i**4/24 - i**3 - 78*i**2 + 104*i. Let k(w) be the first derivative of g(w). What is k(-7)?
36
Suppose -4*v + v = -5*f + 78, 5*f + 2*v = 73. Let w = f - 8. Let t(k) = 2*k + 1. Calculate t(w).
15
Let l(b) = b**3 + 3*b**2 + 4*b + 2. Suppose 0 = -3*n - 5*c - 56, 2*n + 5*c = n - 32. Let s be -45*-1*(-4)/n. Suppose -25*r = -30*r - s. Calculate l(r).
-10
Let o(x) = 5*x**3 + 9*x**2 + 5*x**3 - 3*x**3 - 7*x**3 + 15*x + x**3. Give o(-6).
18
Let f(r) = -3*r**2 - 13*r - 3. Let l(i) = 2*i**2 + 7*i + 1. Let c(h) = -3*f(h) - 5*l(h). Let x be (65/52)/(3/(-216)*-15). Determine c(x).
-8
Let j(m) be the third derivative of -m**4/24 + 3*m**3/2 + 30*m**2. Let w(h) = h**3 + 6*h**2 + 6*h + 11. Let t be w(-5). Determine j(t).
3
Let q(u) be the third derivative of -19*u**4/8 - 1019*u**3/6 + 2*u**2 - 4382*u. Calculate q(-18).
7
Suppose 2*p - 28 = 4*y - 20, -4*p = -2*y + 8. Let h(d) = -2*d**2 - 3*d + 2. What is h(y)?
-18
Let q = 5 + -3. Let o(a) = -14 - 3*a**q + 4*a**2 + a - 2*a. Let v(g) = 324*g + 28512. Let j be v(-88). Determine o(j).
-14
Suppose 0 = 5*p + 3*v + 29, 13 = -0*p - 3*p - 4*v. Let w(h) = -15 + 3 - 18*h**3 - 7*h**2 - 2*h + 17*h**3 + 7 + 7. Calculate w(p).
16
Let q(o) = -7662*o**3 + 38 + 5*o**2 + 15322*o**3 - 7659*o**3 + o. Determine q(-6).
-4
Let h(t) = -7*t - 14. Let v be 4/26 + 580/(-52). Let y(g) = -13*g - 29. Let r(q) = v*h(q) + 6*y(q). Calculate r(0).
-20
Let q(y) = -y**2 - 8*y - 3. Let s(d) = 50*d + 1595. Let i be s(-32). What is q(i)?
12
Suppose 3*n + 25 = 2*p, 105 = 4*p + p + n. Let s(c) = -c + 25. Let w be s(15). Let x(i) = -2*i + p*i - 7*i - w*i. Determine x(0).
0
Let s(h) be the first derivative of 4*h**2 - 12*h + 406. Calculate s(-4).
-44
Let c(p) = p**3 - 2*p - 3. Let r be 2/((-4)/4) - 6. Let s = r - -13. Suppose t - 2*v = 8, 2*v - 3*v = s. What is c(t)?
-7
Let s = 25 + -19. Suppose -8*o + 84 = s*o. Suppose -8*w + 10*w + o = 0. Let v(t) = -2*t + 2. Give v(w).
8
Suppose 2*i - 272 = 2*u + 112, 0 = i + 4*u - 182. Let v = 3 - 0. Let r(y) = -2 + i*y**3 + 2*y**2 - 3*y - 4*y**2 - 193*y**v. What is r(-2)?
20
Let w(z) = 8*z**2 - 1. Let h(l) = l**2 + 22*l - 19. Let v be h(-21). Let d = v + 39. Calculate w(d).
7
Let f(o) = -o**2 + 43*o - 438. Let m(b) = -169*b - 6405. Let t be m(-38). Calculate f(t).
4
Let k be 11 + (-4 - 10) + 0/26. Let v(a) = 56*a + 167. Determine v(k).
-1
Let p(i) be the third derivative of i**5/10 + 5*i**4/12 - 1728*i**2. Determine p(-1).
-4
Suppose 0 = -10*j + 5*j. Suppose y - 2*y - 7 = j. Let z(f) = 3*f + 3. Let n(u) = -14*u - 10. Let p(s) = n(s) + 5*z(s). What is p(y)?
-2
Let o(z) be the first derivative of -3*z**2 - 153*z + 1052. Determine o(-26).
3
Let u(h) = 22*h**3 + h**2 + 1. Let w = 13898 - 13899. What is u(w)?
-20
Let h(p) = 2*p - 1 - 6*p + 2*p. Suppose 30*f + 1456 = 4*f. Let a be (f/(-20))/((-1)/((-10)/(-4))). Calculate h(a).
13
Suppose 0 = -5*n + 3*z - 1071, 4*n + 4*z + 333 = -511. Let c = n - -198. Let a(g) = -g - 21. Calculate a(c).
-6
Suppose 17*m - 39 = -5. Let u(k) = -14 - 2*k**2 + k**m - 3*k + 2*k + 0*k**2. Determine u(0).
-14
Let k(v) = v + 8. Let d(s) = 2*s + 19. Let x(c) = -3*c - 29. Suppose 4*g - 3 - 17 = 0. Let u(m) = g*x(m) + 8*d(m). Let t(p) = -4*k(p) + 5*u(p). Give t(-6).
-3
Suppose 76128 = -21*o + 76422. Let z(a) = -a**2 + 8*a + 34. Give z(o).
-50
Let z(s) = 16*s**2 + 29*s - 29. Let d(a) = -3*a**2 - 6*a + 5. Let h(x) = -11*d(x) - 2*z(x). Suppose -26 + 1 = 5*u. Calculate h(u).
-12
Let i(z) = -81863*z + 40932*z + 40941*z - 17. Give i(6).
43
Let t(p) = p**3 - 6*p**2 - 18*p + 24. Suppose -4*g + 5*w + 72 = 0, 3*g - 7*w + 2*w - 64 = 0. Calculate t(g).
8
Let l(n) = n**3 + 5*n**2 + 4*n. Let b = -21 + 43. Let j be (-3)/(-6) + b/4. Suppose p - j + 9 = 0. What is l(p)?
6
Let r(f) be the third derivative of f**2 + 0 + 0*f + 5/6*f**3 + 1/4*f**4 + 1/10*f**5 - 1/120*f**6. Suppose 32*j - 357 = -19*j. What is r(j)?
-2
Let q(i) = -2857 + 3*i - 2876 + 5695. Give q(9).
-11
Suppose 1352*x - 1355*x - 19 = -h, -21 = 3*x - 3*h. Let r(u) = u**3 + 7*u**2 - 5*u - 19. Give r(x).
47
Let k(c) = -c**2 - 16*c + 56. Suppose -5*s + 3*u = 93, -2*s - 2765*u - 32 = -2761*u. What is k(s)?
20
Suppose 0 = 4*h - 16, 9*d + 4*h - 20 = 8*d. Let o(b) be the second derivative of 11*b - 3*b**2 + 0 - 1/12*b**4 + b**3. What is o(d)?
2
Let d(s) = 16*s + 65. Let p = 8977 + -8983. Give d(p).
-31
Let l(y) = 2*y**3 + 7*y**2 + 3*y + 14. Let g(d) = 138*d**2 - 2*d + 0*d - 72*d**2 + 2*d**3 - 3*d**3 - 7 - 70*d**2. Let n(t) = 5*g(t) + 2*l(t). Give n(-5).
-12
Let x = 73 - 46. Suppose 11 + 4 = 5*z + 5*v, -z = -5*v - x. Let q(g) = 0*g + 104 + g - 110. Calculate q(z).
1
Let r be 0*1*(-3)/(-6). Suppose -5*c - o - 5 = r, -3*c - o = o - 4. Let w(s) = -30*s**2 + 60*s**2 - 2*s - 31*s**2 + 1. Give w(c).
1
Let m(q) = -104*q - 4*q**2 - 18 - 80*q - 92*q + 252*q. What is m(-5)?
2
Let p(k) = k**2 + 4*k - 6. Let h be 19/7 - 70/(-245). Suppose -11*d - 63 = h. Determine p(d).
6
Let a(u) = 795*u - 2*u**3 - 13*u**2 - 1 - 400*u - 399*u + 2*u**2. Calculate a(-5).
-6
Let w(d) be the first derivative of -d**4/12 - 19*d**2/2 + 4*d + 1. Let y(t) be the first derivative of w(t). What is y(0)?
-19
Let l(y) = -311*y - 1. Let i be l(0). Let m(u) = 4*u**2 - 4*u - 3. Let w(o) = 4*o**2 - 3*o - 2. Let f(b) = 2*m(b) - 3*w(b